 5, 7, 43
List the prime factors of 24837.
3, 17, 487
What are the prime factors of 983?
983
List the prime factors of 769.
769
List the prime factors of 2199.
3, 733
List the prime factors of 14240.
2, 5, 89
List the prime factors of 39466.
2, 7, 2819
What are the prime factors of 730?
2, 5, 73
List the prime factors of 37252.
2, 67, 139
List the prime factors of 90676.
2, 22669
List the prime factors of 34476.
2, 3, 13, 17
List the prime factors of 1244.
2, 311
What are the prime factors of 1817?
23, 79
What are the prime factors of 18966?
2, 3, 29, 109
What are the prime factors of 2284?
2, 571
What are the prime factors of 22477?
7, 13, 19
List the prime factors of 8882.
2, 4441
List the prime factors of 2469.
3, 823
What are the prime factors of 3936?
2, 3, 41
What are the prime factors of 1451?
1451
What are the prime factors of 16377?
3, 53, 103
List the prime factors of 1027.
13, 79
What are the prime factors of 38109?
3, 12703
What are the prime factors of 16758?
2, 3, 7, 19
What are the prime factors of 10321?
10321
List the prime factors of 10819.
31, 349
What are the prime factors of 1688?
2, 211
What are the prime factors of 6697?
37, 181
What are the prime factors of 42707?
7, 6101
What are the prime factors of 6246?
2, 3, 347
List the prime factors of 1119.
3, 373
List the prime factors of 826.
2, 7, 59
What are the prime factors of 48073?
48073
What are the prime factors of 59518?
2, 29759
What are the prime factors of 1057?
7, 151
List the prime factors of 1490.
2, 5, 149
What are the prime factors of 86112?
2, 3, 13, 23
What are the prime factors of 1807?
13, 139
List the prime factors of 1731.
3, 577
List the prime factors of 10772.
2, 2693
List the prime factors of 69.
3, 23
What are the prime factors of 3989?
3989
List the prime factors of 915.
3, 5, 61
What are the prime factors of 13427?
29, 463
What are the prime factors of 10026?
2, 3, 557
What are the prime factors of 5775?
3, 5, 7, 11
List the prime factors of 29127.
3, 7, 19, 73
List the prime factors of 346.
2, 173
What are the prime factors of 1023?
3, 11, 31
What are the prime factors of 2357?
2357
What are the prime factors of 156157?
156157
List the prime factors of 834.
2, 3, 139
List the prime factors of 19505.
5, 47, 83
List the prime factors of 4439.
23, 193
List the prime factors of 33944.
2, 4243
List the prime factors of 10905.
3, 5, 727
List the prime factors of 7596.
2, 3, 211
List the prime factors of 197.
197
What are the prime factors of 348?
2, 3, 29
What are the prime factors of 4045?
5, 809
List the prime factors of 328.
2, 41
What are the prime factors of 50087?
50087
List the prime factors of 46783.
11, 4253
What are the prime factors of 4431?
3, 7, 211
List the prime factors of 14122.
2, 23, 307
What are the prime factors of 28409?
28409
What are the prime factors of 273?
3, 7, 13
What are the prime factors of 3159?
3, 13
What are the prime factors of 20072?
2, 13, 193
List the prime factors of 6103.
17, 359
List the prime factors of 2196.
2, 3, 61
What are the prime factors of 20990?
2, 5, 2099
List the prime factors of 48083.
7, 6869
List the prime factors of 49600.
2, 5, 31
What are the prime factors of 72449?
13, 5573
What are the prime factors of 5771?
29, 199
List the prime factors of 2274.
2, 3, 379
List the prime factors of 3306.
2, 3, 19, 29
What are the prime factors of 6782?
2, 3391
List the prime factors of 1326.
2, 3, 13, 17
What are the prime factors of 10343?
10343
What are the prime factors of 757?
757
What are the prime factors of 2008?
2, 251
List the prime factors of 3386.
2, 1693
List the prime factors of 52480.
2, 5, 41
What are the prime factors of 1859?
11, 13
List the prime factors of 24101.
7, 11, 313
What are the prime factors of 13468?
2, 7, 13, 37
What are the prime factors of 2684?
2, 11, 61
List the prime factors of 29681.
67, 443
List the prime factors of 216.
2, 3
What are the prime factors of 566?
2, 283
List the prime factors of 1740.
2, 3, 5, 29
List the prime factors of 4064.
2, 127
What are the prime factors of 24651?
3, 11, 83
List the prime factors of 293.
293
What are the prime factors of 556?
2, 139
What are the prime factors of 798?
2, 3, 7, 19
What are the prime factors of 2115?
3, 5, 47
List the prime factors of 42192.
2, 3, 293
What are the prime factors of 6047?
6047
List the prime factors of 132996.
2, 3, 11083
List the prime factors of 404.
2, 101
What are the prime factors of 1620?
2, 3, 5
What are the prime factors of 3628?
2, 907
What are the prime factors of 80279?
80279
What are the prime factors of 3057?
3, 1019
List the prime factors of 482.
2, 241
List the prime factors of 2859.
3, 953
List the prime factors of 3277.
29, 113
List the prime factors of 1114.
2, 557
List the prime factors of 5209.
5209
What are the prime factors of 488?
2, 61
List the prime factors of 7133.
7, 1019
What are the prime factors of 22143?
3, 11, 61
What are the prime factors of 58985?
5, 47, 251
What are the prime factors of 20093?
71, 283
What are the prime factors of 34272?
2, 3, 7, 17
What are the prime factors of 196928?
2, 17, 181
What are the prime factors of 26301?
3, 11, 797
What are the prime factors of 8851?
53, 167
What are the prime factors of 5111?
19, 269
List the prime factors of 123103.
257, 479
List the prime factors of 14126.
2, 7, 1009
List the prime factors of 14436.
2, 3, 401
What are the prime factors of 2704?
2, 13
List the prime factors of 205.
5, 41
List the prime factors of 22812.
2, 3, 1901
What are the prime factors of 701?
701
What are the prime factors of 1325?
5, 53
List the prime factors of 5969.
47, 127
List the prime factors of 717.
3, 239
What are the prime factors of 37328?
2, 2333
List the prime factors of 8931.
3, 13, 229
List the prime factors of 52167.
3, 17389
List the prime factors of 14400.
2, 3, 5
What are the prime factors of 1669?
1669
What are the prime factors of 2753?
2753
What are the prime factors of 78265?
5, 11, 1423
List the prime factors of 36229.
36229
What are the prime factors of 254?
2, 127
List the prime factors of 1618.
2, 809
What are the prime factors of 2018?
2, 1009
List the prime factors of 10417.
11, 947
What are the prime factors of 138685?
5, 27737
List the prime factors of 2104.
2, 263
What are the prime factors of 12529?
11, 17, 67
What are the prime factors of 2255?
5, 11, 41
List the prime factors of 15716.
2, 3929
List the prime factors of 328.
2, 41
List the prime factors of 1448.
2, 181
List the prime factors of 3610.
2, 5, 19
What are the prime factors of 84155?
5, 16831
List the prime factors of 109811.
13, 8447
List the prime factors of 1508.
2, 13, 29
List the prime factors of 6107.
31, 197
List the prime factors of 5136.
2, 3, 107
What are the prime factors of 3535?
5, 7, 101
What are the prime factors of 3832?
2, 479
List the prime factors of 65056.
2, 19, 107
List the prime factors of 1445.
5, 17
List the prime factors of 85537.
23, 3719
What are the prime factors of 7457?
7457
List the prime factors of 8695.
5, 37, 47
List the prime factors of 996.
2, 3, 83
What are the prime factors of 4883?
19, 257
What are the prime factors of 13546?
2, 13, 521
List the prime factors of 2120.
2, 5, 53
List the prime factors of 1412.
2, 353
What are the prime factors of 12127?
67, 181
What are the prime factors of 64956?
2, 3, 5413
List the prime factors of 11543.
7, 17, 97
List the prime factors of 2085.
3, 5, 139
List the prime factors of 113316.
2, 3, 7, 19, 71
List the prime factors of 398.
2, 199
List the prime factors of 11958.
2, 3, 1993
List the prime factors of 2808.
2, 3, 13
What are the prime factors of 165478?
2, 17, 31, 157
What are the prime factors of 1652?
2, 7, 59
What are the prime factors of 8867?
8867
What are the prime factors of 6681?
3, 17, 131
What are the prime factors of 12108?
2, 3, 1009
List the prime factors of 1219.
23, 53
List the prime factors of 1053.
3, 13
What are the prime factors of 3811?
37, 103
What are the prime factors of 35366?
2, 17683
List the prime factors of 1892.
2, 11, 43
List the prime factors of 92208.
2, 3, 17, 113
What are the prime factors of 1389?
3, 463
List the prime factors of 1312.
2, 41
What are the prime factors of 2970?
2, 3, 5, 11
List the prime factors of 1506.
2, 3, 251
What a